{"id":380,"date":"2021-05-07T11:46:05","date_gmt":"2021-05-07T11:46:05","guid":{"rendered":"https:\/\/www.accessprovence.com\/?page_id=380"},"modified":"2023-03-15T10:35:15","modified_gmt":"2023-03-15T10:35:15","slug":"services-entreprises","status":"publish","type":"page","link":"https:\/\/www.accessprovence.com\/index.php\/services-entreprises\/","title":{"rendered":"Offres entreprises"},"content":{"rendered":"\t\t<div data-elementor-type=\"wp-page\" data-elementor-id=\"380\" class=\"elementor elementor-380\" data-elementor-post-type=\"page\">\n\t\t\t\t\t\t<section class=\"elementor-section elementor-top-section elementor-element elementor-element-657e306 elementor-section-boxed elementor-section-height-default elementor-section-height-default\" data-id=\"657e306\" data-element_type=\"section\" data-e-type=\"section\" data-settings=\"{&quot;background_background&quot;:&quot;classic&quot;}\">\n\t\t\t\t\t\t\t<div class=\"elementor-background-overlay\"><\/div>\n\t\t\t\t\t\t\t<div class=\"elementor-container elementor-column-gap-default\">\n\t\t\t\t\t<div class=\"elementor-column elementor-col-50 elementor-top-column elementor-element elementor-element-89f9a6a\" data-id=\"89f9a6a\" data-element_type=\"column\" data-e-type=\"column\">\n\t\t\t<div class=\"elementor-widget-wrap elementor-element-populated\">\n\t\t\t\t\t\t<section class=\"elementor-section elementor-inner-section elementor-element elementor-element-d6df1d1 elementor-section-boxed elementor-section-height-default elementor-section-height-default\" data-id=\"d6df1d1\" data-element_type=\"section\" data-e-type=\"section\">\n\t\t\t\t\t\t<div class=\"elementor-container elementor-column-gap-default\">\n\t\t\t\t\t<div class=\"elementor-column elementor-col-100 elementor-inner-column elementor-element elementor-element-a64cc59\" data-id=\"a64cc59\" data-element_type=\"column\" data-e-type=\"column\">\n\t\t\t<div class=\"elementor-widget-wrap elementor-element-populated\">\n\t\t\t\t\t\t<div class=\"elementor-element elementor-element-37b41cc elementor-widget elementor-widget-image\" data-id=\"37b41cc\" data-element_type=\"widget\" data-e-type=\"widget\" data-widget_type=\"image.default\">\n\t\t\t\t<div class=\"elementor-widget-container\">\n\t\t\t\t\t\t\t\t\t\t\t\t\t\t\t<img decoding=\"async\" width=\"1\" height=\"1\" src=\"https:\/\/www.accessprovence.com\/wp-content\/uploads\/2021\/05\/frise.svg\" class=\"attachment-large size-large wp-image-50\" alt=\"\" \/>\t\t\t\t\t\t\t\t\t\t\t\t\t\t\t<\/div>\n\t\t\t\t<\/div>\n\t\t\t\t<div class=\"elementor-element elementor-element-481306c elementor-widget elementor-widget-heading\" data-id=\"481306c\" data-element_type=\"widget\" data-e-type=\"widget\" data-widget_type=\"heading.default\">\n\t\t\t\t<div class=\"elementor-widget-container\">\n\t\t\t\t\t<h2 class=\"elementor-heading-title elementor-size-default\">OFFRE<br \/>\nENTREPRISE\u200b<\/h2>\t\t\t\t<\/div>\n\t\t\t\t<\/div>\n\t\t\t\t<div class=\"elementor-element elementor-element-f897de5 elementor-widget elementor-widget-text-editor\" data-id=\"f897de5\" data-element_type=\"widget\" data-e-type=\"widget\" data-widget_type=\"text-editor.default\">\n\t\t\t\t<div class=\"elementor-widget-container\">\n\t\t\t\t\t\t\t\t\t<p>Pour une entreprise, il est important que les solutions soient <strong>simples, rapides, automatiques et s\u00fbres<\/strong>. <br \/>Nous vous proposons un interlocuteur unique, des offres pens\u00e9es en amont et des tarifs maitris\u00e9s.<\/p>\t\t\t\t\t\t\t\t<\/div>\n\t\t\t\t<\/div>\n\t\t\t\t<div class=\"elementor-element elementor-element-4b4121b elementor-widget elementor-widget-gallery\" data-id=\"4b4121b\" data-element_type=\"widget\" data-e-type=\"widget\" data-settings=\"{&quot;columns&quot;:3,&quot;columns_tablet&quot;:4,&quot;aspect_ratio&quot;:&quot;1:1&quot;,&quot;lazyload&quot;:&quot;yes&quot;,&quot;gallery_layout&quot;:&quot;grid&quot;,&quot;columns_mobile&quot;:1,&quot;gap&quot;:{&quot;unit&quot;:&quot;px&quot;,&quot;size&quot;:10,&quot;sizes&quot;:[]},&quot;gap_tablet&quot;:{&quot;unit&quot;:&quot;px&quot;,&quot;size&quot;:10,&quot;sizes&quot;:[]},&quot;gap_mobile&quot;:{&quot;unit&quot;:&quot;px&quot;,&quot;size&quot;:10,&quot;sizes&quot;:[]},&quot;link_to&quot;:&quot;file&quot;,&quot;overlay_background&quot;:&quot;yes&quot;,&quot;content_hover_animation&quot;:&quot;fade-in&quot;}\" data-widget_type=\"gallery.default\">\n\t\t\t\t<div class=\"elementor-widget-container\">\n\t\t\t\t\t\t\t<div class=\"elementor-gallery__container\">\n\t\t\t\t\t\t\t<a class=\"e-gallery-item elementor-gallery-item elementor-animated-content\" href=\"https:\/\/www.accessprovence.com\/wp-content\/uploads\/2022\/01\/20210323_101136_resized.jpg\" data-elementor-open-lightbox=\"yes\" data-elementor-lightbox-slideshow=\"4b4121b\" data-elementor-lightbox-title=\"20210323_101136_resized\" data-e-action-hash=\"#elementor-action%3Aaction%3Dlightbox%26settings%3DeyJpZCI6OTIyLCJ1cmwiOiJodHRwczpcL1wvd3d3LmFjY2Vzc3Byb3ZlbmNlLmNvbVwvd3AtY29udGVudFwvdXBsb2Fkc1wvMjAyMlwvMDFcLzIwMjEwMzIzXzEwMTEzNl9yZXNpemVkLmpwZyIsInNsaWRlc2hvdyI6IjRiNDEyMWIifQ%3D%3D\">\n\t\t\t\t\t<div class=\"e-gallery-image elementor-gallery-item__image\" data-thumbnail=\"https:\/\/www.accessprovence.com\/wp-content\/uploads\/2022\/01\/20210323_101136_resized-300x225.jpg\" data-width=\"300\" data-height=\"225\" aria-label=\"\" role=\"img\" ><\/div>\n\t\t\t\t\t\t\t\t\t\t\t<div class=\"elementor-gallery-item__overlay\"><\/div>\n\t\t\t\t\t\t\t\t\t\t\t\t\t\t<\/a>\n\t\t\t\t\t\t\t<a class=\"e-gallery-item elementor-gallery-item elementor-animated-content\" href=\"https:\/\/www.accessprovence.com\/wp-content\/uploads\/2022\/01\/vitosalon-scaled.jpg\" data-elementor-open-lightbox=\"yes\" data-elementor-lightbox-slideshow=\"4b4121b\" data-elementor-lightbox-title=\"vitosalon\" data-e-action-hash=\"#elementor-action%3Aaction%3Dlightbox%26settings%3DeyJpZCI6MTAwNywidXJsIjoiaHR0cHM6XC9cL3d3dy5hY2Nlc3Nwcm92ZW5jZS5jb21cL3dwLWNvbnRlbnRcL3VwbG9hZHNcLzIwMjJcLzAxXC92aXRvc2Fsb24tc2NhbGVkLmpwZyIsInNsaWRlc2hvdyI6IjRiNDEyMWIifQ%3D%3D\">\n\t\t\t\t\t<div class=\"e-gallery-image elementor-gallery-item__image\" data-thumbnail=\"https:\/\/www.accessprovence.com\/wp-content\/uploads\/2022\/01\/vitosalon-225x300.jpg\" data-width=\"225\" data-height=\"300\" aria-label=\"\" role=\"img\" ><\/div>\n\t\t\t\t\t\t\t\t\t\t\t<div class=\"elementor-gallery-item__overlay\"><\/div>\n\t\t\t\t\t\t\t\t\t\t\t\t\t\t<\/a>\n\t\t\t\t\t\t\t<a class=\"e-gallery-item elementor-gallery-item elementor-animated-content\" href=\"https:\/\/www.accessprovence.com\/wp-content\/uploads\/2022\/01\/20210226_165704_resized.jpg\" data-elementor-open-lightbox=\"yes\" data-elementor-lightbox-slideshow=\"4b4121b\" data-elementor-lightbox-title=\"20210226_165704_resized\" data-e-action-hash=\"#elementor-action%3Aaction%3Dlightbox%26settings%3DeyJpZCI6OTIwLCJ1cmwiOiJodHRwczpcL1wvd3d3LmFjY2Vzc3Byb3ZlbmNlLmNvbVwvd3AtY29udGVudFwvdXBsb2Fkc1wvMjAyMlwvMDFcLzIwMjEwMjI2XzE2NTcwNF9yZXNpemVkLmpwZyIsInNsaWRlc2hvdyI6IjRiNDEyMWIifQ%3D%3D\">\n\t\t\t\t\t<div class=\"e-gallery-image elementor-gallery-item__image\" data-thumbnail=\"https:\/\/www.accessprovence.com\/wp-content\/uploads\/2022\/01\/20210226_165704_resized-252x300.jpg\" data-width=\"252\" data-height=\"300\" aria-label=\"\" role=\"img\" ><\/div>\n\t\t\t\t\t\t\t\t\t\t\t<div class=\"elementor-gallery-item__overlay\"><\/div>\n\t\t\t\t\t\t\t\t\t\t\t\t\t\t<\/a>\n\t\t\t\t\t\t\t<a class=\"e-gallery-item elementor-gallery-item elementor-animated-content\" href=\"https:\/\/www.accessprovence.com\/wp-content\/uploads\/2023\/03\/20221219_162018-scaled.jpg\" data-elementor-open-lightbox=\"yes\" data-elementor-lightbox-slideshow=\"4b4121b\" data-elementor-lightbox-title=\"20221219_162018\" data-e-action-hash=\"#elementor-action%3Aaction%3Dlightbox%26settings%3DeyJpZCI6MTQ5OSwidXJsIjoiaHR0cHM6XC9cL3d3dy5hY2Nlc3Nwcm92ZW5jZS5jb21cL3dwLWNvbnRlbnRcL3VwbG9hZHNcLzIwMjNcLzAzXC8yMDIyMTIxOV8xNjIwMTgtc2NhbGVkLmpwZyIsInNsaWRlc2hvdyI6IjRiNDEyMWIifQ%3D%3D\">\n\t\t\t\t\t<div class=\"e-gallery-image elementor-gallery-item__image\" data-thumbnail=\"https:\/\/www.accessprovence.com\/wp-content\/uploads\/2023\/03\/20221219_162018-300x272.jpg\" data-width=\"300\" data-height=\"272\" aria-label=\"\" role=\"img\" ><\/div>\n\t\t\t\t\t\t\t\t\t\t\t<div class=\"elementor-gallery-item__overlay\"><\/div>\n\t\t\t\t\t\t\t\t\t\t\t\t\t\t<\/a>\n\t\t\t\t\t<\/div>\n\t\t\t\t\t<\/div>\n\t\t\t\t<\/div>\n\t\t\t\t<div class=\"elementor-element elementor-element-84b0257 elementor-align-left elementor-widget elementor-widget-button\" data-id=\"84b0257\" data-element_type=\"widget\" data-e-type=\"widget\" data-widget_type=\"button.default\">\n\t\t\t\t<div class=\"elementor-widget-container\">\n\t\t\t\t\t\t\t\t\t<div class=\"elementor-button-wrapper\">\n\t\t\t\t\t<a class=\"elementor-button elementor-button-link elementor-size-sm\" href=\"#elementor-action%3Aaction%3Dpopup%3Aopen%26settings%3DeyJpZCI6IjEwMSIsInRvZ2dsZSI6ZmFsc2V9\">\n\t\t\t\t\t\t<span class=\"elementor-button-content-wrapper\">\n\t\t\t\t\t\t\t\t\t<span class=\"elementor-button-text\">Nous contacter pour plus d'informations<\/span>\n\t\t\t\t\t<\/span>\n\t\t\t\t\t<\/a>\n\t\t\t\t<\/div>\n\t\t\t\t\t\t\t\t<\/div>\n\t\t\t\t<\/div>\n\t\t\t\t\t<\/div>\n\t\t<\/div>\n\t\t\t\t\t<\/div>\n\t\t<\/section>\n\t\t\t\t\t<\/div>\n\t\t<\/div>\n\t\t\t\t<div class=\"elementor-column elementor-col-50 elementor-top-column elementor-element elementor-element-52aa31f\" data-id=\"52aa31f\" data-element_type=\"column\" data-e-type=\"column\">\n\t\t\t<div class=\"elementor-widget-wrap elementor-element-populated\">\n\t\t\t\t\t\t<section class=\"elementor-section elementor-inner-section elementor-element elementor-element-88738b4 elementor-section-boxed elementor-section-height-default elementor-section-height-default\" data-id=\"88738b4\" data-element_type=\"section\" data-e-type=\"section\" data-settings=\"{&quot;background_background&quot;:&quot;classic&quot;}\">\n\t\t\t\t\t\t\t<div class=\"elementor-background-overlay\"><\/div>\n\t\t\t\t\t\t\t<div class=\"elementor-container elementor-column-gap-default\">\n\t\t\t\t\t<div class=\"elementor-column elementor-col-100 elementor-inner-column elementor-element elementor-element-4908b2f\" data-id=\"4908b2f\" data-element_type=\"column\" data-e-type=\"column\" data-settings=\"{&quot;background_background&quot;:&quot;classic&quot;}\">\n\t\t\t<div class=\"elementor-widget-wrap elementor-element-populated\">\n\t\t\t\t\t\t<div class=\"elementor-element elementor-element-a8d09a1 elementor-widget elementor-widget-text-editor\" data-id=\"a8d09a1\" data-element_type=\"widget\" data-e-type=\"widget\" data-widget_type=\"text-editor.default\">\n\t\t\t\t<div class=\"elementor-widget-container\">\n\t\t\t\t\t\t\t\t\t<p><strong>Des tarifs maitris\u00e9s et connus \u00e0 l\u2019avance, en d\u00e9terminant ensemble les destinations les plus courantes de l\u2019entreprise (Gares, a\u00e9roports, agences, clients\u2026), bloqu\u00e9s pour un an.<\/strong><\/p>\t\t\t\t\t\t\t\t<\/div>\n\t\t\t\t<\/div>\n\t\t\t\t<div class=\"elementor-element elementor-element-e71a6d3 elementor-widget elementor-widget-text-editor\" data-id=\"e71a6d3\" data-element_type=\"widget\" data-e-type=\"widget\" data-widget_type=\"text-editor.default\">\n\t\t\t\t<div class=\"elementor-widget-container\">\n\t\t\t\t\t\t\t\t\t<p>L\u2019assurance d\u2019un service r\u00e9gulier et de m\u00eame qualit\u00e9 tout au long du contrat.<\/p>\t\t\t\t\t\t\t\t<\/div>\n\t\t\t\t<\/div>\n\t\t\t\t<div class=\"elementor-element elementor-element-28eada4 elementor-widget elementor-widget-text-editor\" data-id=\"28eada4\" data-element_type=\"widget\" data-e-type=\"widget\" data-widget_type=\"text-editor.default\">\n\t\t\t\t<div class=\"elementor-widget-container\">\n\t\t\t\t\t\t\t\t\t<p>\u00a0La facturation fin de mois avec le d\u00e9tail de chaque transfert, permettant de n\u2019avoir qu\u2019une facture, plut\u00f4t que perdre du temps \u00e0 g\u00e9rer et trier les justificatifs des collaborateurs.<\/p>\t\t\t\t\t\t\t\t<\/div>\n\t\t\t\t<\/div>\n\t\t\t\t<div class=\"elementor-element elementor-element-28ecd0c elementor-widget elementor-widget-text-editor\" data-id=\"28ecd0c\" data-element_type=\"widget\" data-e-type=\"widget\" data-widget_type=\"text-editor.default\">\n\t\t\t\t<div class=\"elementor-widget-container\">\n\t\t\t\t\t\t\t\t\t<p>La mise \u00e0 disposition \u00e0 l\u2019heure, \u00e0 la demi-journ\u00e9e, \u00e0 la journ\u00e9e, \u00e0 prix pr\u00e9f\u00e9rentiel.<\/p>\t\t\t\t\t\t\t\t<\/div>\n\t\t\t\t<\/div>\n\t\t\t\t\t<\/div>\n\t\t<\/div>\n\t\t\t\t\t<\/div>\n\t\t<\/section>\n\t\t\t\t\t<\/div>\n\t\t<\/div>\n\t\t\t\t\t<\/div>\n\t\t<\/section>\n\t\t\t\t<\/div>\n\t\t","protected":false},"excerpt":{"rendered":"<p>OFFRE ENTREPRISE\u200b Pour une entreprise, il est important que les solutions soient simples, rapides, automatiques et s\u00fbres. Nous vous proposons un interlocuteur unique, des offres pens\u00e9es en amont et des tarifs maitris\u00e9s. Nous contacter pour plus d&rsquo;informations Des tarifs maitris\u00e9s et connus \u00e0 l\u2019avance, en d\u00e9terminant ensemble les destinations les plus courantes de l\u2019entreprise (Gares, [&hellip;]<\/p>\n","protected":false},"author":1,"featured_media":0,"parent":0,"menu_order":0,"comment_status":"closed","ping_status":"closed","template":"","meta":{"_acf_changed":false,"footnotes":""},"class_list":["post-380","page","type-page","status-publish","hentry"],"acf":[],"yoast_head":"<!-- This site is optimized with the Yoast SEO plugin v27.4 - https:\/\/yoast.com\/product\/yoast-seo-wordpress\/ -->\n<title>Offres entreprises - Access Provence<\/title>\n<meta name=\"robots\" content=\"index, follow, max-snippet:-1, max-image-preview:large, max-video-preview:-1\" \/>\n<link rel=\"canonical\" href=\"https:\/\/www.accessprovence.com\/index.php\/services-entreprises\/\" \/>\n<meta property=\"og:locale\" content=\"fr_FR\" \/>\n<meta property=\"og:type\" content=\"article\" \/>\n<meta property=\"og:title\" content=\"Offres entreprises - Access Provence\" \/>\n<meta property=\"og:description\" content=\"OFFRE ENTREPRISE\u200b Pour une entreprise, il est important que les solutions soient simples, rapides, automatiques et s\u00fbres. Nous vous proposons un interlocuteur unique, des offres pens\u00e9es en amont et des tarifs maitris\u00e9s. Nous contacter pour plus d&rsquo;informations Des tarifs maitris\u00e9s et connus \u00e0 l\u2019avance, en d\u00e9terminant ensemble les destinations les plus courantes de l\u2019entreprise (Gares, [&hellip;]\" \/>\n<meta property=\"og:url\" content=\"https:\/\/www.accessprovence.com\/index.php\/services-entreprises\/\" \/>\n<meta property=\"og:site_name\" content=\"Access Provence\" \/>\n<meta property=\"article:modified_time\" content=\"2023-03-15T10:35:15+00:00\" \/>\n<meta property=\"og:image\" content=\"https:\/\/www.accessprovence.com\/wp-content\/uploads\/2021\/05\/frise.svg\" \/>\n<meta name=\"twitter:card\" content=\"summary_large_image\" \/>\n<meta name=\"twitter:label1\" content=\"Dur\u00e9e de lecture estim\u00e9e\" \/>\n\t<meta name=\"twitter:data1\" content=\"1 minute\" \/>\n<script type=\"application\/ld+json\" class=\"yoast-schema-graph\">{\"@context\":\"https:\\\/\\\/schema.org\",\"@graph\":[{\"@type\":\"WebPage\",\"@id\":\"https:\\\/\\\/www.accessprovence.com\\\/index.php\\\/services-entreprises\\\/\",\"url\":\"https:\\\/\\\/www.accessprovence.com\\\/index.php\\\/services-entreprises\\\/\",\"name\":\"Offres entreprises - Access Provence\",\"isPartOf\":{\"@id\":\"https:\\\/\\\/www.accessprovence.com\\\/#website\"},\"primaryImageOfPage\":{\"@id\":\"https:\\\/\\\/www.accessprovence.com\\\/index.php\\\/services-entreprises\\\/#primaryimage\"},\"image\":{\"@id\":\"https:\\\/\\\/www.accessprovence.com\\\/index.php\\\/services-entreprises\\\/#primaryimage\"},\"thumbnailUrl\":\"https:\\\/\\\/www.accessprovence.com\\\/wp-content\\\/uploads\\\/2021\\\/05\\\/frise.svg\",\"datePublished\":\"2021-05-07T11:46:05+00:00\",\"dateModified\":\"2023-03-15T10:35:15+00:00\",\"breadcrumb\":{\"@id\":\"https:\\\/\\\/www.accessprovence.com\\\/index.php\\\/services-entreprises\\\/#breadcrumb\"},\"inLanguage\":\"fr-FR\",\"potentialAction\":[{\"@type\":\"ReadAction\",\"target\":[\"https:\\\/\\\/www.accessprovence.com\\\/index.php\\\/services-entreprises\\\/\"]}]},{\"@type\":\"ImageObject\",\"inLanguage\":\"fr-FR\",\"@id\":\"https:\\\/\\\/www.accessprovence.com\\\/index.php\\\/services-entreprises\\\/#primaryimage\",\"url\":\"https:\\\/\\\/www.accessprovence.com\\\/wp-content\\\/uploads\\\/2021\\\/05\\\/frise.svg\",\"contentUrl\":\"https:\\\/\\\/www.accessprovence.com\\\/wp-content\\\/uploads\\\/2021\\\/05\\\/frise.svg\"},{\"@type\":\"BreadcrumbList\",\"@id\":\"https:\\\/\\\/www.accessprovence.com\\\/index.php\\\/services-entreprises\\\/#breadcrumb\",\"itemListElement\":[{\"@type\":\"ListItem\",\"position\":1,\"name\":\"Home\",\"item\":\"https:\\\/\\\/www.accessprovence.com\\\/\"},{\"@type\":\"ListItem\",\"position\":2,\"name\":\"Offres entreprises\"}]},{\"@type\":\"WebSite\",\"@id\":\"https:\\\/\\\/www.accessprovence.com\\\/#website\",\"url\":\"https:\\\/\\\/www.accessprovence.com\\\/\",\"name\":\"Access Provence\",\"description\":\"Services de transport de passagers - V\u00e9hicules avec chauffeur - Tours guid\u00e9s\",\"publisher\":{\"@id\":\"https:\\\/\\\/www.accessprovence.com\\\/#organization\"},\"potentialAction\":[{\"@type\":\"SearchAction\",\"target\":{\"@type\":\"EntryPoint\",\"urlTemplate\":\"https:\\\/\\\/www.accessprovence.com\\\/?s={search_term_string}\"},\"query-input\":{\"@type\":\"PropertyValueSpecification\",\"valueRequired\":true,\"valueName\":\"search_term_string\"}}],\"inLanguage\":\"fr-FR\"},{\"@type\":\"Organization\",\"@id\":\"https:\\\/\\\/www.accessprovence.com\\\/#organization\",\"name\":\"Access Provence\",\"url\":\"https:\\\/\\\/www.accessprovence.com\\\/\",\"logo\":{\"@type\":\"ImageObject\",\"inLanguage\":\"fr-FR\",\"@id\":\"https:\\\/\\\/www.accessprovence.com\\\/#\\\/schema\\\/logo\\\/image\\\/\",\"url\":\"https:\\\/\\\/www.accessprovence.com\\\/wp-content\\\/uploads\\\/2021\\\/05\\\/logo-blanc-final.png\",\"contentUrl\":\"https:\\\/\\\/www.accessprovence.com\\\/wp-content\\\/uploads\\\/2021\\\/05\\\/logo-blanc-final.png\",\"width\":509,\"height\":197,\"caption\":\"Access Provence\"},\"image\":{\"@id\":\"https:\\\/\\\/www.accessprovence.com\\\/#\\\/schema\\\/logo\\\/image\\\/\"}}]}<\/script>\n<!-- \/ Yoast SEO plugin. -->","yoast_head_json":{"title":"Offres entreprises - Access Provence","robots":{"index":"index","follow":"follow","max-snippet":"max-snippet:-1","max-image-preview":"max-image-preview:large","max-video-preview":"max-video-preview:-1"},"canonical":"https:\/\/www.accessprovence.com\/index.php\/services-entreprises\/","og_locale":"fr_FR","og_type":"article","og_title":"Offres entreprises - Access Provence","og_description":"OFFRE ENTREPRISE\u200b Pour une entreprise, il est important que les solutions soient simples, rapides, automatiques et s\u00fbres. Nous vous proposons un interlocuteur unique, des offres pens\u00e9es en amont et des tarifs maitris\u00e9s. Nous contacter pour plus d&rsquo;informations Des tarifs maitris\u00e9s et connus \u00e0 l\u2019avance, en d\u00e9terminant ensemble les destinations les plus courantes de l\u2019entreprise (Gares, [&hellip;]","og_url":"https:\/\/www.accessprovence.com\/index.php\/services-entreprises\/","og_site_name":"Access Provence","article_modified_time":"2023-03-15T10:35:15+00:00","og_image":[{"url":"https:\/\/www.accessprovence.com\/wp-content\/uploads\/2021\/05\/frise.svg","type":"","width":"","height":""}],"twitter_card":"summary_large_image","twitter_misc":{"Dur\u00e9e de lecture estim\u00e9e":"1 minute"},"schema":{"@context":"https:\/\/schema.org","@graph":[{"@type":"WebPage","@id":"https:\/\/www.accessprovence.com\/index.php\/services-entreprises\/","url":"https:\/\/www.accessprovence.com\/index.php\/services-entreprises\/","name":"Offres entreprises - Access Provence","isPartOf":{"@id":"https:\/\/www.accessprovence.com\/#website"},"primaryImageOfPage":{"@id":"https:\/\/www.accessprovence.com\/index.php\/services-entreprises\/#primaryimage"},"image":{"@id":"https:\/\/www.accessprovence.com\/index.php\/services-entreprises\/#primaryimage"},"thumbnailUrl":"https:\/\/www.accessprovence.com\/wp-content\/uploads\/2021\/05\/frise.svg","datePublished":"2021-05-07T11:46:05+00:00","dateModified":"2023-03-15T10:35:15+00:00","breadcrumb":{"@id":"https:\/\/www.accessprovence.com\/index.php\/services-entreprises\/#breadcrumb"},"inLanguage":"fr-FR","potentialAction":[{"@type":"ReadAction","target":["https:\/\/www.accessprovence.com\/index.php\/services-entreprises\/"]}]},{"@type":"ImageObject","inLanguage":"fr-FR","@id":"https:\/\/www.accessprovence.com\/index.php\/services-entreprises\/#primaryimage","url":"https:\/\/www.accessprovence.com\/wp-content\/uploads\/2021\/05\/frise.svg","contentUrl":"https:\/\/www.accessprovence.com\/wp-content\/uploads\/2021\/05\/frise.svg"},{"@type":"BreadcrumbList","@id":"https:\/\/www.accessprovence.com\/index.php\/services-entreprises\/#breadcrumb","itemListElement":[{"@type":"ListItem","position":1,"name":"Home","item":"https:\/\/www.accessprovence.com\/"},{"@type":"ListItem","position":2,"name":"Offres entreprises"}]},{"@type":"WebSite","@id":"https:\/\/www.accessprovence.com\/#website","url":"https:\/\/www.accessprovence.com\/","name":"Access Provence","description":"Services de transport de passagers - V\u00e9hicules avec chauffeur - Tours guid\u00e9s","publisher":{"@id":"https:\/\/www.accessprovence.com\/#organization"},"potentialAction":[{"@type":"SearchAction","target":{"@type":"EntryPoint","urlTemplate":"https:\/\/www.accessprovence.com\/?s={search_term_string}"},"query-input":{"@type":"PropertyValueSpecification","valueRequired":true,"valueName":"search_term_string"}}],"inLanguage":"fr-FR"},{"@type":"Organization","@id":"https:\/\/www.accessprovence.com\/#organization","name":"Access Provence","url":"https:\/\/www.accessprovence.com\/","logo":{"@type":"ImageObject","inLanguage":"fr-FR","@id":"https:\/\/www.accessprovence.com\/#\/schema\/logo\/image\/","url":"https:\/\/www.accessprovence.com\/wp-content\/uploads\/2021\/05\/logo-blanc-final.png","contentUrl":"https:\/\/www.accessprovence.com\/wp-content\/uploads\/2021\/05\/logo-blanc-final.png","width":509,"height":197,"caption":"Access Provence"},"image":{"@id":"https:\/\/www.accessprovence.com\/#\/schema\/logo\/image\/"}}]}},"_links":{"self":[{"href":"https:\/\/www.accessprovence.com\/index.php\/wp-json\/wp\/v2\/pages\/380","targetHints":{"allow":["GET"]}}],"collection":[{"href":"https:\/\/www.accessprovence.com\/index.php\/wp-json\/wp\/v2\/pages"}],"about":[{"href":"https:\/\/www.accessprovence.com\/index.php\/wp-json\/wp\/v2\/types\/page"}],"author":[{"embeddable":true,"href":"https:\/\/www.accessprovence.com\/index.php\/wp-json\/wp\/v2\/users\/1"}],"replies":[{"embeddable":true,"href":"https:\/\/www.accessprovence.com\/index.php\/wp-json\/wp\/v2\/comments?post=380"}],"version-history":[{"count":5,"href":"https:\/\/www.accessprovence.com\/index.php\/wp-json\/wp\/v2\/pages\/380\/revisions"}],"predecessor-version":[{"id":1506,"href":"https:\/\/www.accessprovence.com\/index.php\/wp-json\/wp\/v2\/pages\/380\/revisions\/1506"}],"wp:attachment":[{"href":"https:\/\/www.accessprovence.com\/index.php\/wp-json\/wp\/v2\/media?parent=380"}],"curies":[{"name":"wp","href":"https:\/\/api.w.org\/{rel}","templated":true}]}}